ctor of 43190?
True
Does 52 divide 84515?
False
Is 1394920 a multiple of 11?
False
Is 76050 a multiple of 130?
True
Is 31407 a multiple of 87?
True
Does 6 divide 804930?
True
Is 391 a factor of 1481388?
False
Is 16 a factor of 121688?
False
Does 23 divide 368353?
False
Is 111 a factor of 5618598?
True
Does 33 divide 3856830?
False
Is 7906138 a multiple of 386?
False
Is 21 a factor of 504462?
True
Does 14 divide 6354732?
False
Does 5 divide 112301?
False
Is 30172 a multiple of 55?
False
Does 745 divide 2494197?
False
Is 5 a factor of 3117371?
False
Is 23 a factor of 2354958?
False
Is 5 a factor of 8436365?
True
Does 197 divide 13547?
False
Is 93 a factor of 5924379?
True
Does 8 divide 141913?
False
Does 30 divide 32351?
False
Is 63 a factor of 1115264?
False
Does 10 divide 19196300?
True
Is 949 a factor of 977705?
False
Is 131 a factor of 4264008?
False
Is 227670 a multiple of 149?
False
Does 10 divide 1070800?
True
Is 1190563 a multiple of 632?
False
Is 170903 a multiple of 124?
False
Does 33 divide 22318890?
True
Is 182830 a multiple of 33?
False
Is 309 a factor of 6517737?
True
Is 694 a factor of 8436958?
True
Is 719544 a multiple of 146?
False
Does 31 divide 2240928?
True
Is 3 a factor of 27954?
True
Does 26 divide 700023?
False
Does 5 divide 2995?
True
Does 3 divide 1601022?
True
Does 2 divide 81347?
False
Does 94 divide 307380?
True
Is 45552 a multiple of 12?
True
Does 13 divide 355992?
True
Does 15 divide 27005?
False
Is 20 a factor of 195646?
False
Does 108 divide 77183?
False
Does 15 divide 75347?
False
Is 57 a factor of 1983118?
False
Does 127 divide 86729?
False
Is 5137328 a multiple of 4?
True
Does 665 divide 1277465?
True
Is 8 a factor of 153608?
True
Is 20 a factor of 58813?
False
Is 569 a factor of 13356706?
True
Is 132804 a multiple of 18?
True
Does 89 divide 132966?
True
Is 545969 a multiple of 787?
False
Does 21 divide 525384?
False
Is 33 a factor of 142230?
True
Does 250 divide 1273750?
True
Does 10 divide 2551850?
True
Is 1817700 a multiple of 876?
True
Does 542 divide 1980468?
True
Does 16 divide 11283794?
False
Does 17 divide 527997?
False
Does 130 divide 76907?
False
Is 4383225 a multiple of 21?
True
Does 1208 divide 860096?
True
Does 153 divide 169677?
True
Is 31 a factor of 994186?
False
Is 47399 a multiple of 31?
True
Does 13 divide 76752?
True
Does 405 divide 106363?
False
Does 796 divide 626893?
False
Is 877105 a multiple of 263?
True
Does 11 divide 141463?
False
Is 25 a factor of 88706?
False
Is 479 a factor of 453613?
True
Does 20 divide 36580?
True
Is 437 a factor of 5185879?
True
Is 336154 a multiple of 182?
True
Is 8341559 a multiple of 17?
False
Is 1081260 a multiple of 180?
True
Is 8 a factor of 786944?
True
Is 61 a factor of 143106?
True
Does 108 divide 435858?
False
Is 3 a factor of 25615?
False
Is 244 a factor of 11779100?
True
Is 44 a factor of 111556?
False
Does 49 divide 3890208?
True
Is 54 a factor of 30990141?
False
Is 349 a factor of 6900914?
False
Is 1418949 a multiple of 17?
False
Does 90 divide 51113?
False
Does 7 divide 100478?
True
Is 5000636 a multiple of 467?
True
Is 18 a factor of 1034140?
False
Is 228 a factor of 691434?
False
Does 12 divide 447573?
False
Is 6 a factor of 9264753?
False
Is 155794 a multiple of 61?
True
Is 35 a factor of 238493?
False
Is 22 a factor of 279629?
False
Is 63 a factor of 6001440?
False
Is 7 a factor of 1400?
True
Is 148013 a multiple of 13?
False
Is 550 a factor of 515350?
True
Is 15 a factor of 291230?
False
Is 93 a factor of 281261?
False
Is 167357 a multiple of 80?
False
Is 60 a factor of 611400?
True
Does 553 divide 7189848?
False
Is 134011 a multiple of 17?
True
Does 151 divide 22594?
False
Does 46 divide 17881309?
False
Is 8602385 a multiple of 213?
False
Does 102 divide 903210?
True
Does 25 divide 2654677?
False
Does 11 divide 666378?
False
Does 16 divide 227686?
False
Is 373290 a multiple of 17?
False
Is 3678602 a multiple of 174?
False
Is 66 a factor of 178144?
False
Does 405 divide 12281351?
False
Is 299264 a multiple of 334?
True
Is 109476 a multiple of 3?
True
Is 268663 a multiple of 7?
False
Does 14 divide 173651?
False
Is 6900415 a multiple of 52?
False
Does 50 divide 19148?
False
Is 22 a factor of 4045712?
True
Is 1555238 a multiple of 8?
False
Is 18 a factor of 35146188?
True
Is 14 a factor of 1785812?
True
Does 20 divide 57040?
True
Is 43727 a multiple of 94?
False
Is 12 a factor of 1357092?
True
Is 96186 a multiple of 82?
True
Is 697199 a multiple of 31?
False
Does 65 divide 2237150?
False
Is 9 a factor of 32230?
False
Is 14 a factor of 147392?
True
Is 69 a factor of 168246?
False
Is 59 a factor of 357540?
True
Is 216026 a multiple of 6?
False
Is 59117 a multiple of 62?
False
Does 23 divide 198237?
True
Does 66 divide 686598?
True
Is 253 a factor of 698169?
False
Is 8140846 a multiple of 25?
False
Is 9 a factor of 139707?
True
Is 3 a factor of 33005?
False
Does 176 divide 1214224?
True
Is 15173 even?
False
Is 36122 a multiple of 16?
False
Is 2 a factor of 6958?
True
Is 732044 a multiple of 146?
True
Is 55 a factor of 704440?
True
Is 39 a factor of 20670?
True
Is 88 a factor of 2457892?
False
Is 3 a factor of 48054?
True
Does 68 divide 6471288?
True
Is 175923 a multiple of 36?
False
Is 510016 a multiple of 13?
True
Is 519 a factor of 7296024?
False
Is 1061 a factor of 21510714?
True
Does 18 divide 104318?
False
Does 22 divide 124643?
False
Does 6 divide 292723?
False
Is 90 a factor of 52574?
False
Does 648 divide 708912?
True
Is 12704258 a multiple of 926?
False
Is 61 a factor of 1275655?
False
Is 253878 a multiple of 131?
True
Does 5 divide 27459?
False
Does 20 divide 3070316?
False
Is 856220 a multiple of 310?
True
Does 122 divide 4462761?
False
Does 11 divide 200981?
True
Is 112410 a multiple of 16?
False
Does 522 divide 590546?
False
Does 10 divide 737163?
False
Is 6 a factor of 90089?
False
Does 86 divide 4544842?
True
Does 692 divide 11085387?
False
Is 2 a factor of 572866?
True
Does 10 divide 3042483?
False
Is 16 a factor of 1783083?
False
Does 7 divide 121460?
False
Is 108 a factor of 2931336?
True
Is 6437504 a multiple of 393?
False
Is 10733762 a multiple of 28?
False
Does 10 divide 265170?
True
Is 187407 a multiple of 11?
True
Is 482 a factor of 182167?
False
Is 53 a factor of 318322?
False
Is 15 a factor of 1602855?
True
Is 895776 a multiple of 344?
True
Is 1249830 a multiple of 45?
True
Does 80 divide 22153?
False
Does 29 divide 343795?
True
Is 1809175 a multiple of 478?
False
Does 160 divide 3472000?
True
Is 5072202 a multiple of 342?
True
Is 234646 a multiple of 2?
True
Is 5363418 a multiple of 231?
False
Does 86 divide 1686197?
False
Does 15 divide 34815?
True
Is 73 a factor of 1437252?
False
Is 14667214 a multiple of 352?
False
Is 1055751 a multiple of 22?
False
Is 42 a factor of 288750?
True
Is 28 a factor of 162022?
False
Is 2 a factor of 145928?
True
Is 3 a factor of 3520142?
False
Is 301 a factor of 3716146?
True
Is 51 a factor of 6486945?
True
Does 5 divide 378025?
True
Is 60059 a multiple of 77?
False
Is 71775 a multiple of 18?
False
Is 548304 a multiple of 36?
False
Is 27 a factor of 882765?
True
Does 402 divide 738272?
False
Does 3 divide 32148?
True
Does 1366 divide 2460166?
True
Is 695237 a multiple of 5?
False
Does 5 divide 1449?
False
Is 2221175 a multiple of 985?
True
Is 3832526 a multiple of 214?
True
Is 185370 a multiple of 222?
True
Is 8627230 a multiple of 610?
True
Does 28 divide 133448?
True
Does 324 divide 309420?
True
Is 234 a factor of 5207?
False
Is 11 a factor of 156915?
True
Is 15 a factor of 9493350?
True
Is 43 a factor of 27857?
False
Is 374884 a multiple of 50?
False
Is 95729 a multiple of 233?
False
Is 16113 a multiple of 393?
True
Is 43 a factor of 8891?
False
Is 27820 a multiple of 142?
False
Is 62 a factor of 584148?
False
Is 29 a factor of 1466521?
False
Is 891261 a multiple of 63?
True
Does 219 divide 9538298?
False
Does 99 divide 14029661?
False
Is 546 a factor of 602238?
True
Is 144 a factor of 513140?
False
Is 21 a factor of 1042881?
True
Is 77469 a multiple of 58?
False
Does 8 divide 10976?
True
Is 19844 a multiple of 6?
False
Is 253 a factor of 112941?
False
Does 5 divide 9592?
False
Is 89 a factor of 8657297?
True
Is 17 a factor of 60828?
False
Does 23 divide 179538?
True
Is 19006 even?
